*2/2 + 59*j + 219. What is the remainder when 173 is divided by q(-48)?
8
Let n(m) = 3*m + 9. Suppose p + 54 = -2*p. Let r = 29 + p. What is the remainder when r is divided by n(-2)?
2
Suppose 3*r - 7*r + 7 = s, r - 7 = -2*s. Suppose 0 = -5*q + 9 + r. What is the remainder when 73 is divided by q?
1
Let d(p) = -2*p - 1 - 6 - p - p. Let z be d(-3). Calculate the remainder when 28 is divided by -1*z*(-11 - -10).
3
Suppose -c - 3*w + 62 = -0*w, -4*c - 2*w = -228. Let q be 0*(16/(-6) + -3 + 6). Suppose q = 3*m - c - 43. Calculate the remainder when m is divided by 18.
15
Let x = -382 + 266. Let b = -71 - x. What is the remainder when 3005/b + 6/27 is divided by 9?
4
Suppose o + 2*z - 19 = 0, -2*o - 4*z + z + 37 = 0. Suppose -1503 - 1683 = -49*n - 5*n. Calculate the remainder when n is divided by o.
8
Let u(g) = 3 + g**2 + 0*g**2 - 25 + 12. Calculate the remainder when u(10) is divided by 35.
20
Suppose 3*g - 864 = -3*m, 2*g = 334*m - 335*m + 570. What is the remainder when 12686 is divided by g?
278
Let y = 1 + 37. Suppose -q = -2*q + y. Calculate the remainder when 149 is divided by q.
35
Let r be (-2)/11 + (-4548)/33. Let z = -137 - r. Let d = 0 - -1. What is the remainder when d is divided by z?
0
Suppose 36 + 8 = 2*q. Let y be (-24)/15*(0 - 10/4). Calculate the remainder when q is divided by (-3)/(12/104)*(-2)/y.
9
Suppose -32*p + 66 = -31*p - 5*z, 92 = 2*p - 2*z. Calculate the remainder when 4466 is divided by p.
38
Let i = -382 - -389. Suppose -32 + 130 = i*w. Calculate the remainder when 48 is divided by w.
6
Let u(v) = v**3 - 106*v**2 - 913*v + 5. Calculate the remainder when 3066 is divided by u(-8).
11
Let z = -21503 - -22455. What is the remainder when z is divided by 173?
87
Let h(i) = i**3 - 20*i**2 - i + 129. Suppose 9*v = -1077 + 3948. Calculate the remainder when v is divided by h(20).
101
Let x(s) = -17*s - 1. Let u(w) = 20*w - 1. Let k(a) = 4*u(a) + 5*x(a). Let n(z) = 7*z + 1. Let y be n(-1). Calculate the remainder when 60 is divided by k(y).
18
Suppose 3*n = -5*m + 358 - 2413, m = -4*n - 428. Let o = 423 + m. Let b(f) = -17*f + 4. Calculate the remainder when b(-5) is divided by o.
14
Let n = 16 - 10. Let i(r) = r**3 - 42*r**2 + 71*r + 26. Let s be i(38). Calculate the remainder when 236 is divided by s/(-60) - 3 - n/(-45).
44
Let s be (12 + -12 - 23)/(-1 + 0). Let l(v) = v**3 - 19*v**2 - 89*v - 36. What is the remainder when 196/(-6)*(-9 + 0) is divided by l(s)?
30
Suppose -9*c - 5*c + 2562 = 0. Suppose -17*w + c = -208. Calculate the remainder when w is divided by 12.
11
Let v = 31 - 30. Let f(p) = -p**2 - 11*p + 2. What is the remainder when f(-9) is divided by v/(5*(-4)/(-140))?
6
Suppose 1494 = -9*l + 5022. Let v = 979 - l. Calculate the remainder when v is divided by 49.
48
What is the remainder when 2588 is divided by (-2)/(-7) - (5 - 2615/35)?
68
Let s(r) = 6*r - 127. Let w be s(23). Suppose -k + w = -78. Calculate the remainder when k is divided by 47.
42
Let o(p) = -8*p + p**3 - 9*p + 0*p**2 + 3 + 5*p**2 + 3*p. Let k be (-56)/4*((-5)/2 + 3). What is the remainder when o(k) is divided by 2?
1
Let u(v) = -v**3 + 4*v**2 - 3*v + 2. Suppose 4*s - 16 = 4*h, -6*s + 13 = -3*s - 4*h. Suppose 4*k - 1 = s. Calculate the remainder when u(3) is divided by k.
0
Let s be 5/6 - 215/258. Suppose 2*r - 85 = -3*a, s = -3*r - r - 5*a + 169. What is the remainder when 111 is divided by r?
29
Let i(c) = -c**3 - 3*c**2 + 5*c + 10. Let h be i(-4). Suppose -7*o + 17 = -h*o. Let y(r) = -r**3 + 7*r**2 - 3. What is the remainder when y(5) is divided by o?
13
Let n(q) = 2*q**3 - 93*q**2 - q + 115. Calculate the remainder when n(47) is divided by 95.
92
Let t = 11126 + -7929. What is the remainder when t is divided by 10?
7
Let s(q) = 463*q - 4306. Calculate the remainder when s(10) is divided by 11.
5
Let f(j) = -j**2 + j + 41. Let c be f(5). Suppose -2*v = c - 21. Let p(o) = -o + 25. What is the remainder when 124 is divided by p(v)?
24
Calculate the remainder when ((-5)/((-10)/(-12)))/((-129)/4343) is divided by 77.
48
Let s = 55 + -53. Suppose s*k = -k + 183. Suppose 19 = 2*m - k. What is the remainder when 118 is divided by m?
38
Let q be (-9 - (1 + -8))*-1. Suppose -y + 25 = -q*t, -2*y - 2*t = y - 59. Let k(j) = 38*j**2 - 1. What is the remainder when k(-1) is divided by y?
16
Calculate the remainder when 397 is divided by 12/(-15)*6695/(-39) + 1/(-3).
123
Let f(s) = -2*s**2 - 19*s - 21. Let n be f(-8). Let z(g) = 94*g - 140. What is the remainder when z(n) is divided by 30?
22
Suppose -12*v - 119 + 239 = 0. Calculate the remainder when 59 is divided by v.
9
Suppose 2 + 40 = -7*r. Let v(p) = -1387*p + 5 - 3 + 1373*p. What is the remainder when v(r) is divided by 23?
17
Let a = 10 + -9. Let t(d) = 25*d + 1. Let w(y) = y**2 + 3*y + 102. What is the remainder when w(0) is divided by t(a)?
24
Suppose 2*v - 3*t + 65 = -2*v, -t - 25 = 2*v. Let q be (v/(-4) + 0)*4500/75. Suppose 7*f + 8*f = q. Calculate the remainder when 83 is divided by f.
13
Let w = -5153 + 5161. Let y = -4 - -5. Let r(v) = 46*v**2 - 1. Calculate the remainder when r(y) is divided by w.
5
Suppose -135 = -40*q + 1265. Calculate the remainder when 850 is divided by q.
10
Let h = -146 + 151. Suppose -3*w - r = -46, -50 = 9*w - 12*w - h*r. What is the remainder when ((-28)/3)/1*-3 is divided by w?
13
Let l(k) be the second derivative of k**3/2 - 6*k**2 + k. Let c(z) = z**2 - 25*z - 76. Let g be c(28). What is the remainder when 46 is divided by l(g)?
10
Let n(k) = 3*k + 28. Let v be n(18). Let q = v - 82. Suppose q = -2*o + 45 + 1. Calculate the remainder when 67 is divided by o.
21
Let p(n) = -19*n - 14. Let f be p(-1). Suppose f*s - 3*m = -0*m + 61, -3*s + 45 = m. What is the remainder when s is divided by 8?
6
Let w(i) = i**2 - 7*i + 10. Let o be w(6). Suppose 3*n - 4*j = 73, o*j = 5*n - 105 - 30. What is the remainder when n is divided by 14?
3
Suppose 11580 = 15*v + 840. What is the remainder when v is divided by 714?
2
Let s(p) = -5*p**3 + 17*p**2 + 37*p + 12. Calculate the remainder when s(-2) is divided by (-4)/(8/(-10)) - -2.
4
Suppose h + 2 = 4. Suppose 0*y = -h*y + 3*y. Suppose y = 2*u - c - 23, 8 = 2*u + c + 3*c. What is the remainder when u is divided by 6?
4
Suppose -317 + 690 = -54*d + 4045. Calculate the remainder when 198 is divided by d.
62
Suppose -5*h + 0*h - 300 = 0. Let b = 61 + h. What is the remainder when (-98)/21*-3 - (b - 1) is divided by 6?
2
Calculate the remainder when (-16)/(-4)*233*(-10)/(-8) is divided by 53.
52
Let m(g) = 52*g + 8. Let b be m(4). Suppose 0 = r + 3*r + b. Let z = -48 - r. Calculate the remainder when 22 is divided by z.
4
Suppose -6787 = -38*c + 585. Calculate the remainder when 689 is divided by c.
107
Let k = -103 + 164. Let r = -55 - -79. Suppose r + 9 = 3*o. What is the remainder when k is divided by o?
6
Let y = -5 + 9. Let d be (-4)/(-50) + 7184/200. Let b = d - y. What is the remainder when 127 is divided by b?
31
Suppose 2*c - 3*u - 17 = 0, 3*c = -8*u + 6*u + 19. Calculate the remainder when 47 + 3/(-4 + 1) is divided by c.
4
Let w(y) = 4*y**2 - 38*y + 37. Let p be w(16). Let i = 458 - p. Calculate the remainder when 14 is divided by i.
4
Let n(h) = 9*h - 10. Let p be (2 - (-6)/3) + 9. Suppose -25*r + 24*r + p = 0. What is the remainder when n(r) is divided by 22?
19
Let d be 14/(-28)*(-1 + -1)*-41. Suppose -2*z - 107 = -h, 0*h = -4*z + h - 217. Let r = d - z. What is the remainder when 53 is divided by r?
11
Suppose -128*o - 1 = -121*o - 155. Calculate the remainder when 60 is divided by o.
16
Suppose -2483*l + 900 = -2473*l. Calculate the remainder when 227 is divided by l.
47
Calculate the remainder when 42749 is divided by ((-1541)/(-92) - -2)*(0 + 4).
74
Suppose -5*d - 2*n + 323 = 220, -5*d = -3*n - 108. Let o = 33 - 17. What is the remainder when d is divided by o?
5
Suppose -2*p - 1650 = -4*d, -3*d - 4*p - 430 = -4*d. Suppose -v - 1 = 0, -4*m - 29*v + d = -31*v. What is the remainder when m is divided by 29?
15
Let b = -132 + 245. Calculate the remainder when b is divided by (4/(-18) - 850/306) + 16.
9
Let f = 20967 - 20908. Calculate the remainder when f is divided by 30.
29
Let d = 2058 + -1256. What is the remainder when d is divided by 98?
18
Let u(r) = r**3 + 22*r**2 + 99*r + 78. Calculate the remainder when 